ded by 366558.
17
Calculate the remainder when 1819906 is divided by 31377.
40
Calculate the remainder when 84758153 is divided by 6519852.
77
What is the remainder when 2942674 is divided by 1471324?
26
What is the remainder when 114087 is divided by 31796?
18699
What is the remainder when 843027 is divided by 418252?
6523
What is the remainder when 630085 is divided by 125901?
580
Calculate the remainder when 490096 is divided by 4415.
31
What is the remainder when 884052 is divided by 2679?
2661
What is the remainder when 12356587 is divided by 169268?
23
What is the remainder when 60193 is divided by 678?
529
Calculate the remainder when 172779910 is divided by 27.
25
Calculate the remainder when 280601 is divided by 322.
139
Calculate the remainder when 28295 is divided by 156.
59
Calculate the remainder when 1355899 is divided by 271156.
119
Calculate the remainder when 18508047 is divided by 420637.
19
Calculate the remainder when 150827 is divided by 25058.
479
What is the remainder when 1283185 is divided by 5677?
183
What is the remainder when 272134 is divided by 22?
16
What is the remainder when 1639572 is divided by 161?
109
Calculate the remainder when 8322698 is divided by 2774228.
14
Calculate the remainder when 4842729 is divided by 347.
344
Calculate the remainder when 6124780 is divided by 612472.
60
What is the remainder when 44048 is divided by 1913?
49
What is the remainder when 38582 is divided by 2094?
890
What is the remainder when 117115070 is divided by 9?
5
What is the remainder when 1811735 is divided by 54901?
2
Calculate the remainder when 533855 is divided by 1265.
25
What is the remainder when 923316678 is divided by 260?
258
Calculate the remainder when 43003 is divided by 485.
323
What is the remainder when 22356347 is divided by 2330?
2327
What is the remainder when 274081 is divided by 15958?
2795
What is the remainder when 32578 is divided by 9612?
3742
What is the remainder when 167560 is divided by 3638?
212
Calculate the remainder when 42704643 is divided by 388224.
3
Calculate the remainder when 5701086 is divided by 1900357.
15
What is the remainder when 13144059 is divided by 128?
123
Calculate the remainder when 15374689 is divided by 474.
25
What is the remainder when 19370588 is divided by 4842622?
100
Calculate the remainder when 3086123 is divided by 626.
569
Calculate the remainder when 29698 is divided by 1514.
932
What is the remainder when 122284 is divided by 133?
57
Calculate the remainder when 826122 is divided by 1320.
1122
What is the remainder when 3217392 is divided by 357488?
0
Calculate the remainder when 2983919 is divided by 596782.
9
Calculate the remainder when 136941981 is divided by 187.
11
Calculate the remainder when 14448 is divided by 6540.
1368
Calculate the remainder when 41789 is divided by 652.
61
Calculate the remainder when 28142531 is divided by 335030.
11
Calculate the remainder when 5900993 is divided by 2549.
58
What is the remainder when 1757442 is divided by 81?
66
Calculate the remainder when 17171 is divided by 17058.
113
What is the remainder when 452259931 is divided by 622?
621
What is the remainder when 520018 is divided by 323?
311
Calculate the remainder when 138830845 is divided by 19.
11
What is the remainder when 9837572 is divided by 87834?
164
Calculate the remainder when 2800025 is divided by 43.
37
Calculate the remainder when 20677653 is divided by 1001.
997
What is the remainder when 17731 is divided by 157?
147
Calculate the remainder when 53977 is divided by 17841.
454
What is the remainder when 1116765 is divided by 104?
13
Calculate the remainder when 2340379 is divided by 458.
457
Calculate the remainder when 2899666 is divided by 1497.
1474
What is the remainder when 3716366 is divided by 93?
86
What is the remainder when 1277163 is divided by 44039?
32
What is the remainder when 6059663 is divided by 52?
51
Calculate the remainder when 3114186 is divided by 10.
6
Calculate the remainder when 5541972 is divided by 613.
452
What is the remainder when 187863 is divided by 639?
636
What is the remainder when 70831722 is divided by 25?
22
What is the remainder when 17937781 is divided by 192?
181
Calculate the remainder when 4078125 is divided by 809.
765
What is the remainder when 161821311 is divided by 64?
63
What is the remainder when 170795 is divided by 628?
607
What is the remainder when 126260 is divided by 2936?
12
Calculate the remainder when 509087 is divided by 84842.
35
What is the remainder when 801990233 is divided by 6?
5
What is the remainder when 18924873 is divided by 2525?
2523
What is the remainder when 173302261 is divided by 22842?
7
What is the remainder when 5082946 is divided by 1362?
1324
What is the remainder when 40884 is divided by 3177?
2760
What is the remainder when 91501 is divided by 1406?
111
What is the remainder when 697323 is divided by 25?
23
Calculate the remainder when 50704560 is divided by 49.
46
Calculate the remainder when 3185230 is divided by 35789.
9
Calculate the remainder when 8321277 is divided by 218.
217
Calculate the remainder when 7393909 is divided by 616158.
13
Calculate the remainder when 54326686 is divided by 862.
860
Calculate the remainder when 359290 is divided by 89819.
14
Calculate the remainder when 6204799 is divided by 1983.
1975
Calculate the remainder when 897844 is divided by 135.
94
Calculate the remainder when 1474270 is divided by 1128.
1102
Calculate the remainder when 83397246 is divided by 1408.
1406
What is the remainder when 1816419 is divided by 98?
87
Calculate the remainder when 15513966 is divided by 38.
10
Calculate the remainder when 137926 is divided by 8110.
56
What is the remainder when 743632 is divided by 7588?
8
What is the remainder when 7882251 is divided by 95?
6
What is the remainder when 5784979 is divided by 141?
31
Calculate the remainder when 371042 is divided by 50.
42
Calculate the remainder when 2174047 is divided by 312.
31
Calculate the remainder when 607746 is divided by 2421.
75
What is the remainder when 424097118 is divided by 80?
78
What is the remainder when 13864561 is divided by 33?
7
What is the remainder when 1883077 is divided by 769?
565
Calculate the remainder when 126594033 is divided by 1026.
1023
What is the remainder when 4746061 is divided by 2373027?
7
What is the remainder when 1564894 is divided by 3932?
3890
Calculate the remainder when 27236730 is divided by 78.
66
Calculate the remainder when 1948255 is divided by 2771.
242
What is the remainder when 37239 is divided by 1985?
1509
What is the remainder when 44902561 is divided by 44902556?
5
What is the remainder when 385597105 is divided by 377?
374
Calculate the remainder when 354330 is divided by 353741.
589
Calculate the remainder when 792198 is divided by 910.
498
Calculate the remainder when 362032 is divided by 89.
69
What is the remainder when 388158 is divided by 40?
38
What is the remainder when 29464086 is divided by 42?
36
Calculate the remainder when 342042 is divided by 33.
30
Calculate the remainder when 4253436 is divided by 30822.
0
What is the remainder when 892500 is divided by 1490?
1480
Calculate the remainder when 22260806 is divided by 22260786.
20
Calculate the remainder when 11723443 is divided by 47.
45
What is the remainder when 29462 is divided by 14482?
498
What is the remainder when 1166388 is divided by 166621?
41
What is the remainder when 580740 is divided by 9?
6
Calculate the remainder when 41189143 is divided by 1143.
1138
Calculate the remainder when 889380 is divided by 521.
33
Calculate the remainder when 572701 is divided by 575.
1
What is the remainder when 15493 is divided by 270?
103
Calculate the remainder when 4285341 is divided by 97394.
5
Calculate the remainder when 65156946 is divided by 291.
9
Calculate the remainder when 14032 is divided by 12443.
1589
What is the remainder when 471277 is divided by 17145?
8362
What is the remainder when 1189812 is divided by 2799?
237
Calculate the remainder when 618462 is divided by 138.
84
Calculate the remainder when 967477895 is divided by 84.
83
Calculate the remainder when 10185259 is divided by 5092613.
33
What is the remainder when 126645 is divided by 166?
153
What is